134754647?
False
Is 130549515 a multiple of 874?
False
Is 80 a factor of 79383920?
True
Does 2515 divide 464437505?
True
Is 13 a factor of 44517808?
False
Is 82830398 a multiple of 14?
True
Is 137 a factor of 1558251755?
False
Does 1692 divide 236057175?
False
Is 165 a factor of 532384537?
False
Does 20 divide 1086699560?
True
Is 3641 a factor of 426026633?
False
Is 66982065 a multiple of 893?
False
Is 3206 a factor of 62690124?
True
Is 77190322 a multiple of 11?
True
Is 132999648 a multiple of 556?
True
Is 20 a factor of 1412519046?
False
Does 145 divide 110509865?
True
Is 478053447 a multiple of 59?
False
Is 697 a factor of 72227322?
True
Does 178 divide 26293448?
True
Is 35074700 a multiple of 104?
False
Does 166 divide 94208440?
False
Is 219128911 a multiple of 37?
True
Is 5370066450 a multiple of 5175?
True
Is 9 a factor of 46065924?
True
Is 236825630 a multiple of 4859?
False
Does 216 divide 232449227?
False
Is 4 a factor of 9939029?
False
Is 671 a factor of 60763820?
False
Is 1307 a factor of 110754071?
False
Does 65 divide 735627567?
False
Is 680 a factor of 18919371?
False
Is 1540322 a multiple of 13?
False
Is 212 a factor of 414921158?
False
Does 3 divide 658133345?
False
Is 71 a factor of 368169861?
True
Is 3919357889 a multiple of 7963?
False
Is 19921900 a multiple of 86?
True
Is 148428308 a multiple of 159?
False
Is 38604976 a multiple of 8?
True
Is 614264231 a multiple of 956?
False
Does 4 divide 14353100?
True
Is 11 a factor of 1392071?
False
Is 5 a factor of 6281155?
True
Is 3632 a factor of 477430032?
True
Does 1202 divide 828943674?
True
Is 1495587834 a multiple of 20?
False
Is 198 a factor of 73970226?
True
Is 8080320 a multiple of 170?
False
Is 380121660 a multiple of 60?
True
Is 289385730 a multiple of 1429?
False
Is 281631378 a multiple of 21?
True
Is 42 a factor of 609082226?
False
Is 251095542 a multiple of 19?
False
Does 4241 divide 60253520?
False
Does 484 divide 3211824?
True
Does 29 divide 328079595?
False
Is 355861200 a multiple of 200?
True
Does 137 divide 534404942?
True
Does 865 divide 701049049?
False
Does 2776 divide 239974096?
True
Is 338032630 a multiple of 1302?
False
Is 79 a factor of 16460883?
False
Does 742 divide 51129736?
True
Is 73095476 a multiple of 98?
False
Is 70 a factor of 121970890?
False
Does 1048 divide 430515256?
True
Does 207 divide 1196862408?
True
Is 98269 a multiple of 12?
False
Is 1763 a factor of 67619567?
False
Is 30 a factor of 1062244589?
False
Is 8569 a factor of 294644925?
False
Does 244 divide 3031954?
False
Is 13420907 a multiple of 5?
False
Does 1194 divide 404221427?
False
Is 3767454717 a multiple of 1081?
True
Is 2764281105 a multiple of 7870?
False
Does 25 divide 26416890?
False
Does 62 divide 693223998?
False
Is 220401625 a multiple of 25?
True
Is 28 a factor of 56661946?
False
Is 538 a factor of 146150721?
False
Is 186236784 a multiple of 129?
True
Does 477 divide 65035157?
False
Is 2148 a factor of 1547685552?
True
Is 205706358 a multiple of 1287?
True
Is 521841480 a multiple of 40?
True
Is 4534348 a multiple of 659?
False
Is 19 a factor of 7216694?
True
Is 1117939014 a multiple of 2854?
False
Does 3738 divide 810878461?
False
Is 806025010 a multiple of 245?
True
Is 17 a factor of 167818475?
True
Does 901 divide 1897881717?
True
Is 121 a factor of 51805680?
False
Is 263391893 a multiple of 420?
False
Is 70 a factor of 37743732?
False
Does 7219 divide 1211694815?
False
Does 33 divide 947709213?
True
Is 58 a factor of 1094286?
True
Is 516738 a multiple of 19?
False
Is 2090623456 a multiple of 943?
True
Does 325 divide 12716600?
True
Does 439 divide 196604833?
True
Is 121 a factor of 196068158?
True
Is 31835658 a multiple of 2118?
True
Is 5918483 a multiple of 1299?
False
Is 78 a factor of 64056876?
True
Is 99 a factor of 147162708?
True
Is 2097267638 a multiple of 4934?
False
Is 8273661 a multiple of 6?
False
Does 2799 divide 2385684642?
False
Does 6 divide 22685719?
False
Is 7 a factor of 31129628?
False
Is 1117 a factor of 144203651?
False
Is 604019598 a multiple of 42?
True
Does 32 divide 2246911237?
False
Is 2217 a factor of 285396610?
False
Does 11 divide 41008836?
True
Is 89812503 a multiple of 9?
True
Is 60598939 a multiple of 42?
False
Is 103 a factor of 44286601?
True
Is 13702117 a multiple of 13?
True
Is 182983272 a multiple of 59?
False
Does 273 divide 189903714?
True
Does 7 divide 117694388?
True
Is 13582275 a multiple of 15?
True
Does 17 divide 309490967?
True
Is 71 a factor of 810300351?
True
Is 650291229 a multiple of 15?
False
Is 7 a factor of 38037447?
True
Is 284587401 a multiple of 2359?
True
Does 169 divide 33724059?
False
Is 86132852 a multiple of 1454?
False
Is 14 a factor of 23111337?
False
Is 6670522 even?
True
Is 678 a factor of 964325861?
False
Does 9 divide 74223344?
False
Is 14 a factor of 635707828?
True
Is 1798 a factor of 36190151?
False
Is 128549050 a multiple of 490?
True
Is 390792584 a multiple of 182?
True
Is 192865897 a multiple of 32?
False
Is 250 a factor of 900859750?
True
Is 14 a factor of 195169198?
True
Is 8 a factor of 1592936?
True
Does 138 divide 2352583152?
True
Is 854491356 a multiple of 86?
True
Is 66659920 a multiple of 31?
True
Does 3 divide 9258014?
False
Does 77 divide 17145282?
True
Does 159 divide 287284539?
True
Is 229 a factor of 432147503?
True
Does 924 divide 336415464?
True
Does 83 divide 47697450?
False
Is 57953115 a multiple of 705?
True
Is 74 a factor of 292761773?
False
Is 90521048 a multiple of 8?
True
Is 111 a factor of 726190305?
True
Does 31 divide 40333852?
True
Does 15 divide 51116145?
True
Is 29 a factor of 3607264451?
False
Is 99038890 a multiple of 430?
True
Is 3047 a factor of 45137197?
False
Does 4 divide 29862316?
True
Is 202108420 a multiple of 20?
True
Is 733937472 a multiple of 337?
True
Is 9 a factor of 376726?
False
Is 1822 a factor of 1987802?
True
Is 6683552070 a multiple of 13?
True
Does 362 divide 1706103110?
False
Is 39 a factor of 1040455260?
True
Is 24679993 a multiple of 13?
True
Does 9 divide 127520955?
True
Does 88 divide 20635493?
False
Is 9 a factor of 24522345?
True
Is 18083462 a multiple of 1392?
False
Is 2390190 a multiple of 22?
True
Does 169 divide 3366884?
False
Is 22541874 a multiple of 115?
False
Is 1379 a factor of 318159942?
False
Is 7414 a factor of 1489828472?
True
Is 13014774 a multiple of 925?
False
Is 76107920 a multiple of 1288?
True
Is 367 a factor of 25516776?
True
Is 103 a factor of 39698878?
True
Is 28 a factor of 14105224?
True
Is 5268056074 a multiple of 1835?
False
Does 22 divide 190713072?
True
Is 124350910 a multiple of 3095?
True
Is 38722680 a multiple of 9?
True
Does 126 divide 46858014?
True
Is 1140 a factor of 99600660?
True
Does 46 divide 11009916?
True
Does 47 divide 30152521?
True
Does 11 divide 470106627?
False
Is 159 a factor of 117115230?
False
Does 1864 divide 1047596880?
False
Does 1937 divide 574935817?
False
Is 11505 a factor of 103028809?
False
Does 112 divide 441794861?
False
Is 20237269 a multiple of 84?
False
Is 785 a factor of 132766038?
False
Is 2106447801 a multiple of 5740?
False
Is 1819120585 a multiple of 6445?
True
Does 14 divide 9111220?
False
Is 56536405 a multiple of 289?
False
Does 596 divide 2480870458?
False
Is 19 a factor of 36251381?
False
Is 1419332365 a multiple of 55?
True
Is 89 a factor of 13895832?
False
Is 286741010 a multiple of 5?
True
Is 51 a factor of 34823105?
False
Is 1011 a factor of 3966337002?
True
Is 1601 a factor of 44672703?
True
Is 81254440 a multiple of 8?
True
Is 161 a factor of 27158124?
True
Does 13 divide 939675093?
False
Is 723 a factor of 34053085?
False
Is 841698588 a multiple of 2182?
False
Does 49 divide 20214523?
False
Is 972205504 a multiple of 11?
False
Does 13 divide 821255161?
False
Is 71344833 a multiple of 15?
False
Is 17 a factor of 4714270?
True
Is 746223967 a multiple of 125?
False
Is 60 a factor of 16706595?
False
Is 42 a factor of 259067718?
True
Is 158794191 a multiple of 57?
True
Is 2829364137 a multiple of 159?
True
Is 1296768340 a multiple of 49?
True
Is 121054089 a multiple of 788?
False
Is 29031042 even?
True
Is 79 a factor of 63905154?
True
Is 11 a factor of 1187399946?
False
Is 7252190 a multiple of 89?
False
Does 1717 divide 235008441?
False
Does 12 divide 416478492?
True
